2212022
What is -10287440 (base 9) in base 7?
-60102531
What is -246172 (base 10) in base 8?
-740634
41433 (base 10) to base 12
1bb89
Convert 423283 (base 12) to base 4.
3332133003
Convert -119c82 (base 14) to base 5.
-123302102
10010111010111111110 (base 2) to base 3
1011111112002
-3043445 (base 9) to base 6
-54442235
Convert -20211001102022 (base 3) to base 6.
-205351442
Convert -201427 (base 8) to base 14.
-1a259
Convert 11113230 (base 4) to base 14.
8032
What is 10011111100001000001001 (base 2) in base 6?
304011053
What is 12083305 (base 9) in base 12?
1b86972
What is -1091a (base 14) in base 2?
-1001110100001100
What is -33302023220 (base 4) in base 16?
-3f22e8
Convert -401212221 (base 5) to base 16.
-18309f
What is 222312021 (base 4) in base 12?
85689
Convert -54ca35 (base 13) to base 6.
-110501423
-735ba (base 15) to base 16
-594e8
What is -3cbb2 (base 15) in base 4?
-233213021
Convert -5352237 (base 8) to base 12.
-58bb3b
6a97a (base 14) to base 4
333123200
-d976d (base 14) to base 15
-a5ad3
What is -987854 (base 10) in base 6?
-33101222
Convert -40363552 (base 7) to base 15.
-4659aa
-753243 (base 12) to base 8
-7037223
-2b160c (base 14) to base 4
-11232233030
Convert 335c28 (base 13) to base 9.
2247343
Convert 2a724 (base 15) to base 9.
227347
96dcc (base 16) to base 5
124233212
What is 176b6 (base 14) in base 12?
2a154
Convert -1b45a8 (base 15) to base 6.
-44310105
b89c (base 13) to base 6
314424
-1657068 (base 11) to base 9
-5267847
What is 100011000010110110 (base 2) in base 16?
230b6
-11517383 (base 9) to base 6
-320254033
Convert -62e602 (base 15) to base 16.
-47cf36
-a32ab (base 16) to base 4
-2203022223
What is -1a749 (base 13) in base 9?
-78017
Convert 115c7e (base 15) to base 10.
829694
Convert 303210130 (base 4) to base 7.
1536553
Convert -5a4307 (base 11) to base 10.
-957359
Convert 3251241 (base 7) to base 2.
1100001011010111100
-862910 (base 12) to base 10
-2119836
-6176210 (base 8) to base 4
-12033302020
Convert -191a9f (base 16) to base 8.
-6215237
What is 2321225 (base 6) in base 12?
59215
What is -156768 (base 10) in base 5?
-20004033
Convert -951a9c (base 14) to base 8.
-23156432
What is -1b9038 (base 13) in base 16?
-ac304
-5377a8 (base 14) to base 16
-2b1b88
Convert -552504 (base 9) to base 5.
-41024132
Convert -301be6 (base 15) to base 9.
-4261280
What is 315b (base 15) in base 16?
28c4
What is -267860 (base 12) in base 6?
-21341400
Convert 200002420 (base 5) to base 16.
bed2a
What is -ab5a0a (base 15) in base 4?
-133022210200
Convert 100000001101001 (base 2) to base 9.
24551
4ab19 (base 12) to base 7
602610
What is 5526412 (base 7) in base 15?
d644a
What is 1d9231 (base 14) in base 7?
12013161
What is 459467 (base 10) in base 9?
770238
c5112f (base 16) to base 10
12914991
-117601 (base 8) to base 13
-15780
What is 5674780 (base 9) in base 2?
1011101011010011110101
What is -1011111101111100 (base 2) in base 9?
-74216
-11e60 (base 16) to base 11
-50098
What is 27e713 (base 16) in base 4?
21332130103
1c9024 (base 15) to base 14
285300
Convert 6750e (base 16) to base 3.
210111111102
Convert 8154643 (base 10) to base 3.
120100022001211
Convert -594140 (base 14) to base 13.
-82862a
79644 (base 14) to base 8
1077674
22012110021 (base 3) to base 14
42b96
-10122000031 (base 4) to base 3
-2011200110221
Convert -135136 (base 12) to base 2.
-1001110000101111010
What is 2170151 (base 8) in base 14?
1136d3
What is 15255342 (base 6) in base 7?
4363013
What is 89287 (base 12) in base 9?
306374
2310323323 (base 4) to base 11
4668a1
What is -122120101 (base 3) in base 13?
-5aa3
What is -1231433 (base 5) in base 4?
-11312321
20b45c (base 14) to base 8
4161412
102279 (base 10) to base 3
12012022010
10230133010 (base 4) to base 2
100101100011111000100
What is -137337 (base 8) in base 9?
-74022
Convert 41211344 (base 5) to base 7.
2564221
Convert -7359b (base 16) to base 2.
-1110011010110011011
What is -2023211332 (base 4) in base 11?
-360645
What is -16216045 (base 8) in base 10?
-3742757
Convert 24002412 (base 6) to base 9.
1357718
What is -16305 (base 14) in base 3?
-2211002120
13324005 (base 9) to base 16
6441f2
What is 7655339 (base 10) in base 12?
269220b
What is -1b221b (base 14) in base 3?
-1211002112002
Convert 21404053 (base 7) to base 5.
432131443
What is -10011101101110010001011 (base 2) in base 15?
-6c1512
-37281 (base 14) to base 12
-66129
Convert -6845281 (base 9) to base 14.
-6c1266
-3b155 (base 15) to base 3
-100121200022
100341 (base 7) to base 16
4257
-100100112011 (base 3) to base 4
-230330122
Convert -1110420 (base 5) to base 10.
-19485
3860423 (base 10) to base 12
136205b
-450289 (base 12) to base 5
-240140101
-10111001101010110111 (base 2) to base 7
-6315132
What is -5636 (base 15) in base 11?
-12805
What is -445210 (base 6) in base 15?
-b166
4a35a (base 15) to base 11
152084
What is 5243291 (base 10) in base 15?
6d887b
1711403 (base 10) to base 3
10012221121022
1100001110010101001 (base 2) to base 15
7da38
What is -1329b6 (base 14) in base 7?
-5420416
-163002 (base 9) to base 12
-4a278
-482e3c (base 16) to base 3
-22220022221001
What is -29579 (base 16) in base 15?
-35292
What is -424214222 (base 5) in base 15?
-254eac
What is 11101011111202 (base 3) in base 6?
121503545
79589 (base 11) to base 5
12141133
Convert 420444151 (base 6) to base 13.
1691a40
Convert 212202200 (base 4) to base 15.
31b8b
431755 (base 15) to base 14
5d21db
Convert 1312413 (base 7) to base 3.
22201001210
Convert -2211001210 (base 3) to base 11.
-38731
418087 (base 10) to base 6
12543331
-1124030241 (base 6) to base 8
-57555221
What is -110001001000100000 (base 2) in base 11?
-128223
Convert 1a7b7c (base 14) to base 5.
220142313
4d187 (base 15) to base 11
159408
What is -202110201112 (base 3) in base 6?
-12345235
What is 85496 (base 11) in base 4?
132113110
122213413 (base 5) to base 10
585483
1872d8 (base 15) to base 4
10202030231
What is 1134631 (base 10) in base 9?
2118371
-1000100100010000 (base 2) to base 6
-430240
What is a6087 (base 15) in base 13?
15591a
Convert -14233221 (base 5) to base 4.
-210123002
Convert -101110201102010 (base 3) to base 4.
-111032211111
Convert 296b611 (base 13) to base 15.
1258a46
-402424 (base 7) to base 2
-10000101000100000
What is -1241131 (base 5) in base 6?
-305341
Convert -1234111212 (base 5) to base 6.
-145015434
What is 110101011011101011111110 (base 2) in base 12?
4835b12
-641048 (base 9) to base 8
-1350577
Convert -25051287 (base 9) to base 4.
-232300122112
What is 5b1a8b (base 12) in base 7?
15353561
Convert 1100110001000010 (base 2) to base 11.
36317
-82af (base 16) to base 9
-50802
-2047ba4 (base 12) to base 3
-102102022201021
-2814116 (base 9) to base 7
-16062633
What is -5b47921 (base 12) in base 4?
-1003300301221
Convert 1081cdc (base 14) to base 4.
131322211222
What is -3141300 (base 6) in base 4?
-211122210
2121310203 (base 4) to base 13
190a16
Convert -2002646 (base 7) to base 15.
-4a042
31b01 (base 12) to base 14
19c41
669940 (base 10) to base 11
418377
Convert -7527 (base 15) to base 4.
-12003103
Convert 124c7 (base 13) to base 15.
a02e
2663bb (base 12) to base 11
3a2666
-203323033 (base 4) to base 2
-100011111011001111
Convert -30132236 (base 8) to base 15.
-852c7e
What is 994277 (base 10) in base 6?
33151045
Convert 213001110123 (base 4) to base 13.
2171b98
Convert 11000101011110111011 (base 2) to base 12.
330137
What is 2c0e4c (base 15) in base 2?
1000000111111001000000
1013673 (base 8) to base 3
111121221001
What is 11112212221 (base 4) in base 8?
5264651
What is -11010212001222 (base 3) in base 12?
-8a2115
What is -111030020331 (base 4) in base 6?
-315020233
What is -1cc96 (base 16) in base 5?
-12233120
Convert 7ab6 (base 15) to base 9.
38650
What is -135504043 (base 6) in base 5?
-1203324400
2530113 (base 6) to base 16
213bd
What is -b573 (base 16) in base 11?
-31999
Convert -102000111202210 (base 3) to base 6.
-325302333
Convert -1210012001102 (base 3) to base 10.
-948467
What is 1bd41d (base 14) in base 12?
400a97
344112342 (base 5) to base 8
5725174
Convert -2460702 (base 9) to base 16.
-146e85
What is 1946 (base 11) in base 13?
1180
Convert -385536 (base 9) to base 14.
-61262
What is 857cca (base 14) in base 8?
21165072
What is -6120402 (base 9) in base 3?
-20010200110002